be y(12). Let i be 112/f - (-6)/(-27). What is the highest common factor of i and 48?
6
Let d = 82 + -45. Suppose 5*y - d = -12. Calculate the highest common factor of 5 and y.
5
Let o be 14/(4/(-6) + (-121)/(-132)). Suppose -5*m = -36 - 54. Let u = -10 + m. Calculate the highest common divisor of o and u.
8
Let m = -57 - -89. What is the highest common divisor of m and 8?
8
Let m(q) = -6*q - 3. Let s be m(-2). Suppose -2*t + 29 + s = 0. Let f = -78 + 135. What is the highest common divisor of t and f?
19
Let g(r) = -r**2 + 9*r - 5. Let q be g(7). Calculate the highest common factor of 1 and q.
1
Let b = -5 + 7. Suppose -j - 5 - b = 0. Let g(x) = x**3 + 7*x**2 - x + 1. Let s be g(j). Calculate the greatest common divisor of 1 and s.
1
Suppose -139 = 2*d - 469. What is the highest common divisor of 15 and d?
15
Let r be (3 - 9/12)*8. Let h be (-4 - -2)*-1 + r. Calculate the highest common divisor of h and 20.
20
Let t(p) = 58*p**3. Let f be t(1). Let z = -2 - -6. Suppose 0 = 3*g + z*n - f, g + 9 - 24 = 3*n. Calculate the greatest common factor of g and 162.
18
Suppose -a - b + 248 = 0, 0*b = 2*b + 10. Calculate the greatest common divisor of a and 23.
23
Let a = 20 - 11. Let m be ((102 + 0)/1)/1. Suppose -5*c - 2*f - 131 = -10*c, 3*f + m = 4*c. Calculate the greatest common factor of c and a.
9
Suppose 0 - 2 = -q + a, -4*q = 3*a - 1. Suppose f = 2*f - q. Suppose 0 = -3*y + 5*y - 8. What is the highest common divisor of y and f?
1
Let v(l) = 7*l**2 + 2. Let u be v(-2). Let g = 20 - u. Let r be (-4)/10 + (-104)/g. Calculate the highest common factor of r and 40.
10
Let l = 22 - 16. Let s(d) = d**3 - 3*d**2 - d. Let u be s(3). Let m be u/(-6) + (-29)/(-2). Calculate the greatest common factor of m and l.
3
Let o be 14 - (0/(-3) + -3). What is the highest common factor of o and 51?
17
Let z be 1/(-2*(-1)/(-4)). Let p = -16 + -4. Let t be (0 + 5)/(z/p). What is the greatest common factor of t and 10?
10
Suppose -2*w + 3*a = 4*a - 45, 0 = -a - 3. Let s be ((-6)/(-10))/((-1)/(-5)). What is the greatest common factor of w and s?
3
Let r(x) = -3*x - 3. Let z be r(-6). Let w(u) be the third derivative of 7*u**4/12 + u**3 + u**2. Let p be w(6). What is the highest common factor of p and z?
15
Let m(q) = q**2 - 11*q + 3. Let k be m(11). Calculate the highest common divisor of k and 1.
1
Suppose 4 = -5*r + 4*m + 254, 3*r - 150 = -5*m. Let q be (-4 - -3)*r/(-2). What is the highest common divisor of q and 5?
5
Let f be 1/((-4)/(-56)) - 4. What is the highest common divisor of f and 5?
5
Let s(l) = 10*l**2. Let r be s(-1). Calculate the highest common divisor of r and 80.
10
Let c = 5 - 2. Suppose 0 = -5*t + 5*a, -a = -5*t + a. Suppose t = -2*z + c*z - 35. Calculate the greatest common factor of z and 7.
7
Let j(m) = 3*m**2 - m. Let c be j(-1). Suppose c*k - 472 = -152. What is the greatest common factor of k and 32?
16
Suppose 7 = -2*h + 25. Suppose -a - 2*a = 4*i - 189, 0 = 2*i - 2*a - 84. Let r = i - -36. Calculate the greatest common factor of h and r.
9
Suppose -4*t = -7*t + 165. Calculate the highest common factor of t and 5.
5
Let j(a) = 2*a**3 - a**2 + a - 4. Let i be j(3). What is the greatest common factor of 11 and i?
11
Let u = 12 - 4. What is the greatest common factor of 8 and u?
8
Let x(p) = p + 3. Let r be x(-8). Let m = r + 15. Calculate the highest common factor of m and 25.
5
Let n(k) = k**3 + 6*k**2 + 6*k - 3. Let v be n(-4). What is the highest common factor of v and 40?
5
Suppose 3*a = -22 + 4. Let n(g) be the first derivative of -g**2 - 2. Let i be n(a). Calculate the highest common divisor of i and 12.
12
Let h = 3 - -2. Calculate the highest common divisor of h and 5.
5
Let l = -11 + 13. Let c be (-1)/(0 + 1/(-8)). What is the highest common factor of c and l?
2
Suppose -q + 209 = 5*w - 2*q, 0 = 3*q - 3. Calculate the highest common divisor of 105 and w.
21
Suppose -p - 77 = -2*p. Let z be -6*2/(-6) - -9. Calculate the greatest common factor of z and p.
11
Let n be -1*1*(11 - 2). Let o(q) = -5*q**2 - 739*q**3 + 11 + 0*q**2 - 10*q - 5*q**2 + 738*q**3. Let y be o(n). Calculate the greatest common factor of y and 2.
2
Suppose -2*n - 150 = -7*n. What is the highest common divisor of n and 6?
6
Let m(f) = -f**2 - 8*f - 3. Let v be m(-6). Let l = -201 + 393. Suppose 5*t = 123 + l. What is the greatest common divisor of t and v?
9
Suppose -5*u + 3*k = -59, k + 21 = 3*u + 4*k. What is the highest common divisor of u and 60?
10
Let v(r) = -16*r**3 - r**2 + r + 1. Let j be v(-1). What is the greatest common divisor of 105 and j?
15
Let c = -5 - -25. Suppose 4 = l - 0*l. Suppose -68 = l*s - 268. What is the highest common factor of s and c?
10
Suppose -2*w = -5*w. Suppose 0 = -y - x - w + 2, y + 3*x = -6. Suppose 3*p - 71 = 55. What is the greatest common factor of p and y?
6
Suppose 0*c - 1 = -c. Let h(x) = 2*x - 5. Let f be h(5). Calculate the greatest common factor of f and c.
1
Let h be (4 + (-116)/24)*-6. Suppose -4*z + 35 = -3*r - 20, 4*z - 49 = h*r. What is the greatest common factor of z and 64?
16
Let w be -7*((-66)/14 - -3). Let j be (-5)/(-3) - 2/(-6). Suppose 0 = -f + j*f - 84. Calculate the highest common divisor of f and w.
12
Suppose 116 = 2*g - 38. What is the highest common divisor of 11 and g?
11
Let h(z) = -z**2 - 6*z - 6. Let w be h(-4). Suppose 2 = 2*j - w. What is the highest common divisor of j and 1?
1
Let d be 1*5*(-5)/5. Let x be (84/(-10))/(1/d). Let p be 2/(-5) + x/5. What is the highest common factor of 32 and p?
8
Suppose -4*c + 13*h + 36 = 10*h, -4*h - 20 = -3*c. Calculate the greatest common divisor of c and 16.
4
Let y = 0 + 6. What is the greatest common factor of y and 9?
3
Suppose 0 = 5*c - 0*c - 45. Let v(l) = l**3 - 7*l**2 - 13*l + 5. Let n be v(c). What is the highest common factor of 75 and n?
25
Let p(c) = 22*c - 3. Let d be p(3). Let y be (-16)/8 + (25 - 0). Let z = y - 16. What is the highest common divisor of z and d?
7
Suppose -y - 8 = q - 6*y, 4*q - 2*y + 14 = 0. Let t(g) = -5*g. Let v be t(q). What is the highest common factor of v and 3?
3
Let c = 11 - 7. Let u be 2 - (-2 + -1 + c). What is the greatest common divisor of u and 5?
1
Let v be (-6)/(-18)*(-3)/1. Let t be (v + -17)/(9/(-45)). What is the greatest common divisor of t and 15?
15
Suppose -k = 4*n - 3*n - 76, 4*k - 306 = -5*n. Suppose q - k + 23 = 0. What is the highest common factor of 34 and q?
17
Suppose -27 = -5*w + 2*x, -3*w + 4*x = -0*x - 19. Suppose -46 + 366 = w*f. Let i be 16*(1 - 1/2). Calculate the greatest common divisor of i and f.
8
Let u = 6 - 6. Let w be (-3)/(-3 - u)*32. Suppose 44 = 3*t - 5*s, -2*t - t + w = -2*s. Calculate the highest common divisor of 2 and t.
2
Let u be (2/(-6))/((-2)/6). Let n = -2 + u. Let l = n - -2. Calculate the greatest common divisor of 3 and l.
1
Let y be -6*(-28)/8 - -4. Calculate the greatest common divisor of y and 25.
25
Let a = -34 + 54. Suppose 4*f = -f + a. Suppose -5 - 4 = -3*r - 2*n, -f*r = 4*n - 16. What is the greatest common divisor of 11 and r?
1
Suppose 5*o - j = 49, -2*o - 29 = -7*o - 4*j. Let p be 2*1 + (-9)/o. Calculate the greatest common divisor of 8 and p.
1
Suppose c - s - 89 = 2*s, 397 = 5*c - 3*s. Suppose -6*r + g = -10*r + 30, -2*g + 18 = 2*r. Calculate the greatest common divisor of r and c.
7
Suppose -8 + 4 = -a. What is the greatest common factor of a and 12?
4
Let h(c) = 3*c - 18. Let v(y) = y - 6. Let f(k) = 2*h(k) - 7*v(k). Let l = -4 - 1. Let a be f(l). Calculate the greatest common factor of a and 66.
11
Let f be 7/(-21) + 32/6. Calculate the greatest common divisor of f and 40.
5
Let v = -23 + 48. Calculate the greatest common divisor of v and 5.
5
Let l = 600 + -321. Calculate the greatest common factor of l and 31.
31
Suppose 19*n - 150 = 17*n. What is the highest common divisor of n and 15?
15
Suppose -2*p = -5*p - 9, 3*r + 5*p = 108. Calculate the highest common factor of r and 328.
41
Let g = 29 + -19. Let r be (-1616)/(-18) + (-4)/(-18). Calculate the greatest common factor of g and r.
10
Let b = 8 - 4. Calculate the highest common factor of b and 20.
4
Let n be -1 + (-5)/(-7) + 10808/98. What is the greatest common factor of 10 and n?
10
Suppose 268 = 3*m - 197. Suppose -2*g + m = -x, g = 4*x + x + 82. Calculate the greatest common factor of g and 7.